
1
What is the hundreds digit of 238166?
1
What is the ten thousands digit of 35481?
3
What is the millions digit of 5341936?
5
What is the ten thousands digit of 325372?
2
What is the ten thousands digit of 405983?
0
What is the tens digit of 51362?
6
What is the tens digit of 146525?
2
What is the hundred thousands digit of 1927690?
9
What is the tens digit of 374459?
5
What is the hundreds digit of 230651?
6
What is the hundreds digit of 27641975?
9
What is the thousands digit of 465844?
5
What is the thousands digit of 3960339?
0
What is the ten thousands digit of 54051?
5
What is the hundreds digit of 174480?
4
What is the hundred thousands digit of 189754?
1
What is the hundred thousands digit of 172213?
1
What is the units digit of 552239?
9
What is the hundreds digit of 8467825?
8
What is the hundreds digit of 4405379?
3
What is the hundreds digit of 754817?
8
What is the ten thousands digit of 566658?
6
What is the thousands digit of 243201?
3
What is the thousands digit of 7475493?
5
What is the units digit of 15213802?
2
What is the units digit of 416060?
0
What is the hundred thousands digit of 353782?
3
What is the tens digit of 569958?
5
What is the thousands digit of 1613791?
3
What is the ten thousands digit of 117990?
1
What is the ten thousands digit of 79742?
7
What is the thousands digit of 31065?
1
What is the millions digit of 9323215?
9
What is the thousands digit of 8607318?
7
What is the thousands digit of 427753?
7
What is the ten thousands digit of 2265334?
6
What is the thousands digit of 168722?
8
What is the hundred thousands digit of 476116?
4
What is the units digit of 100246?
6
What is the hundred thousands digit of 22720559?
7
What is the thousands digit of 30409?
0
What is the thousands digit of 6387011?
7
What is the hundreds digit of 1114774?
7
What is the tens digit of 27260904?
0
What is the hundreds digit of 4887010?
0
What is the tens digit of 94342?
4
What is the thousands digit of 230409?
0
What is the hundred thousands digit of 838466?
8
What is the hundred thousands digit of 25219142?
2
What is the ten thousands digit of 168895?
6
What is the tens digit of 938886?
8
What is the thousands digit of 300975?
0
What is the hundreds digit of 590857?
8
What is the tens digit of 713528?
2
What is the ten thousands digit of 977220?
7
What is the ten thousands digit of 289199?
8
What is the tens digit of 11896296?
9
What is the millions digit of 6519468?
6
What is the millions digit of 17350298?
7
What is the ten thousands digit of 658389?
5
What is the hundreds digit of 2994462?
4
What is the ten thousands digit of 1415436?
1
What is the thousands digit of 205567?
5
What is the ten millions digit of 12183061?
1
What is the tens digit of 175438?
3
What is the ten thousands digit of 787667?
8
What is the millions digit of 14997898?
4
What is the units digit of 68574?
4
What is the tens digit of 3388489?
8
What is the hundreds digit of 199857?
8
What is the tens digit of 957112?
1
What is the tens digit of 339960?
6
What is the tens digit of 12608989?
8
What is the hundred thousands digit of 418698?
4
What is the thousands digit of 1565837?
5
What is the thousands digit of 2272089?
2
What is the thousands digit of 339915?
9
What is the units digit of 4035615?
5
What is the units digit of 242644?
4
What is the units digit of 5668742?
2
What is the ten thousands digit of 601950?
0
What is the units digit of 2495056?
6
What is the ten thousands digit of 26220900?
2
What is the hundreds digit of 383163?
1
What is the tens digit of 14084932?
3
What is the hundreds digit of 290412?
4
What is the hundreds digit of 588191?
1
What is the millions digit of 1884075?
1
What is the tens digit of 21122683?
8
What is the millions digit of 10681383?
0
What is the ten thousands digit of 5439237?
3
What is the thousands digit of 260232?
0
What is the millions digit of 1811534?
1
What is the hundreds digit of 1820082?
0
What is the hundred thousands digit of 2156648?
1
What is the millions digit of 7651151?
7
What is the ten millions digit of 28775428?
2
What is the hundreds digit of 292780?
7
What is the hundred thousands digit of 2829833?
8
What is the units digit of 12487?
7
What is the ten thousands digit of 6698404?
9
What is the thousands digit of 5082115?
2
What is the tens digit of 34598999?
9
What is the hundreds digit of 532181?
1
What is the tens digit of 2654128?
2
What is the thousands digit of 4203286?
3
What is the ten millions digit of 30948342?
3
What is the tens digit of 187015?
1
What is the millions digit of 9213913?
9
What is the ten thousands digit of 13026643?
2
What is the ten thousands digit of 14548796?
4
What is the ten thousands digit of 319761?
1
What is the millions digit of 17679553?
7
What is the thousands digit of 171030?
1
What is the units digit of 257139?
9
What is the units digit of 5827203?
3
What is the ten thousands digit of 3380753?
8
What is the tens digit of 3407564?
6
What is the hundred thousands digit of 204476?
2
What is the units digit of 169128?
8
What is the units digit of 259210?
0
What is the thousands digit of 137766?
7
What is the hundreds digit of 159229?
2
What is the millions digit of 8794625?
8
What is the ten thousands digit of 585073?
8
What is the ten thousands digit of 6835793?
3
What is the thousands digit of 5862670?
2
What is the hundred thousands digit of 5228561?
2
What is the hundreds digit of 57411?
4
What is the hundred thousands digit of 932066?
9
What is the tens digit of 1177530?
3
What is the hundred thousands digit of 254009?
2
What is the ten millions digit of 12883392?
1
What is the hundreds digit of 6418494?
4
What is the hundreds digit of 167892?
8
What is the ten thousands digit of 1600789?
0
What is the ten thousands digit of 560149?
6
What is the thousands digit of 808153?
8
What is the tens digit of 2724675?
7
What is the millions digit of 31741637?
1
What is the hundreds digit of 4968072?
0
What is the hundred thousands digit of 297625?
2
What is the ten thousands digit of 1682723?
8
What is the units digit of 904446?
6
What is the ten thousands digit of 7211818?
1
What is the thousands digit of 905504?
5
What is the units digit of 140304?
4
What is the hundred thousands digit of 228280?
2
What is the hundred thousands digit of 2041488?
0
What is the millions digit of 2018411?
2
What is the millions digit of 1872195?
1
What is the tens digit of 191714?
1
What is the ten thousands digit of 1807787?
0
What is the units digit of 415527?
7
What is the hundreds digit of 49901?
9
What is the ten thousands digit of 1180222?
8
What is the units digit of 1526758?
8
What is the thousands digit of 3596869?
6
What is the hundred thousands digit of 1547891?
5
What is the ten millions digit of 22827915?
2
What is the thousands digit of 80439?
0
What is the ten millions digit of 16334217?
1
What is the thousands digit of 1168127?
8
What is the tens digit of 252013?
1
What is the thousands digit of 1805068?
5
What is the millions digit of 26012300?
6
What is the ten thousands digit of 5975791?
7
What is the millions digit of 2518756?
2
What is the thousands digit of 1672439?
2
What is the thousands digit of 14833358?
3
What is the ten thousands digit of 415839?
1
What is the units digit of 105046?
6
What is the tens digit of 224752?
5
What is the units digit of 361719?
9
What is the tens digit of 215603?
0
What is the hundreds digit of 388579?
5
What is the units digit of 1082696?
6
What is the ten thousands digit of 35936121?
3
What is the ten thousands digit of 1789612?
8
What is the units digit of 1408154?
4
What is the thousands digit of 4261787?
1
What is the units digit of 2010092?
2
What is the thousands digit of 2780893?
0
What is the thousands digit of 38892?
8
What is the ten thousands digit of 26568220?
6
What is the ten thousands digit of 82046?
8
What is the units digit of 4135684?
4
What is the tens digit of 2126145?
4
What is the tens digit of 705840?
4
What is the hundreds digit of 458078?
0
What is the units digit of 15444485?
5
What is the hundreds digit of 296593?
5
What is the hundred thousands digit of 5244641?
2
What is the millions digit of 4257040?
4
What is the hundreds digit of 25619754?
7
What is the millions digit of 4032559?
4
Wh